{"id":744,"date":"2020-07-02T12:11:24","date_gmt":"2020-07-02T10:11:24","guid":{"rendered":"https:\/\/grawitacjapark.pl\/?page_id=744"},"modified":"2022-11-18T14:03:07","modified_gmt":"2022-11-18T13:03:07","slug":"kim-jestesmy","status":"publish","type":"page","link":"https:\/\/grawitacjapark.pl\/?page_id=744","title":{"rendered":"Kim Jeste\u015bmy?"},"content":{"rendered":"<p>[vc_section][vc_row full_width=&#8221;stretch_row_content&#8221; full_height=&#8221;yes&#8221; css=&#8221;.vc_custom_1594037737127{padding-right: 5% !important;padding-left: 5% !important;}&#8221; el_class=&#8221;zamiast-slider top-oferta&#8221;][vc_column el_class=&#8221;top-miasta&#8221;]\n\t\t\t<!-- START Slider Kim Jeste?my? REVOLUTION SLIDER 6.6.20 --><p class=\"rs-p-wp-fix\"><\/p>\n\t\t\t<rs-module-wrap id=\"rev_slider_18_1_wrapper\" data-source=\"gallery\" style=\"visibility:hidden;background:#000000;padding:0;\">\n\t\t\t\t<rs-module id=\"rev_slider_18_1\" style=\"\" data-version=\"6.6.20\">\n\t\t\t\t\t<rs-slides style=\"overflow: hidden; position: absolute;\">\n\t\t\t\t\t\t<rs-slide style=\"position: absolute;\" data-key=\"rs-31\" data-title=\"Slide\" data-anim=\"ms:1000;r:0;\" data-in=\"o:0;\" data-out=\"a:false;\">\n\t\t\t\t\t\t\t<img decoding=\"async\" src=\"\/\/grawitacjapark.pl\/wp-content\/plugins\/revslider\/public\/assets\/assets\/dummy.png\" alt=\"\" title=\"Nasz team\" width=\"1289\" height=\"511\" class=\"rev-slidebg tp-rs-img rs-lazyload\" data-lazyload=\"\/\/grawitacjapark.pl\/wp-content\/uploads\/2020\/07\/Nasz-team.png\" data-parallax=\"off\" data-no-retina>\n<!--\n\t\t\t\t\t\t\t--><rs-layer\n\t\t\t\t\t\t\t\tid=\"slider-18-slide-31-layer-0\" \n\t\t\t\t\t\t\t\tdata-type=\"text\"\n\t\t\t\t\t\t\t\tdata-tsh=\"c:#000000;h:2px;v:2px;b:2px;\"\n\t\t\t\t\t\t\t\tdata-rsp_ch=\"on\"\n\t\t\t\t\t\t\t\tdata-xy=\"xo:80px,80px,80px,26px;y:m;yo:42px,42px,42px,139px;\"\n\t\t\t\t\t\t\t\tdata-text=\"w:normal;s:18,18,18,17;l:18,18,18,23;fw:700;\"\n\t\t\t\t\t\t\t\tdata-dim=\"w:557px,557px,557px,440px;h:auto,auto,auto,61px;\"\n\t\t\t\t\t\t\t\tdata-frame_0=\"x:-100%;\"\n\t\t\t\t\t\t\t\tdata-frame_0_mask=\"u:t;\"\n\t\t\t\t\t\t\t\tdata-frame_1=\"st:300;sp:1000;\"\n\t\t\t\t\t\t\t\tdata-frame_1_mask=\"u:t;\"\n\t\t\t\t\t\t\t\tdata-frame_999=\"o:0;st:w;\"\n\t\t\t\t\t\t\t\tstyle=\"z-index:10;font-family:'Comfortaa';\"\n\t\t\t\t\t\t\t>Nasz park rozrywki to miejsce gdzie \u0142\u0105czymy pasj\u0119, wiedz\u0119 i do\u015bwiadczenie. Wiemy co robimy! \n\t\t\t\t\t\t\t<\/rs-layer><!--\n\n\t\t\t\t\t\t\t--><rs-layer\n\t\t\t\t\t\t\t\tid=\"slider-18-slide-31-layer-1\" \n\t\t\t\t\t\t\t\tdata-type=\"text\"\n\t\t\t\t\t\t\t\tdata-tsh=\"c:#000000;h:2px;v:2px;b:2px;\"\n\t\t\t\t\t\t\t\tdata-rsp_ch=\"on\"\n\t\t\t\t\t\t\t\tdata-xy=\"xo:80px,80px,80px,26px;y:m;yo:-10px,-10px,-10px,75px;\"\n\t\t\t\t\t\t\t\tdata-text=\"w:normal;s:40,40,40,31;l:40,40,40,31;fw:700;\"\n\t\t\t\t\t\t\t\tdata-frame_0=\"x:100%;\"\n\t\t\t\t\t\t\t\tdata-frame_0_mask=\"u:t;\"\n\t\t\t\t\t\t\t\tdata-frame_1=\"st:300;sp:1000;\"\n\t\t\t\t\t\t\t\tdata-frame_1_mask=\"u:t;\"\n\t\t\t\t\t\t\t\tdata-frame_999=\"o:0;st:w;\"\n\t\t\t\t\t\t\t\tstyle=\"z-index:9;font-family:'Comfortaa';\"\n\t\t\t\t\t\t\t>Kim Jeste\u015bmy? \n\t\t\t\t\t\t\t<\/rs-layer><!--\n\n\t\t\t\t\t\t\t--><rs-layer\n\t\t\t\t\t\t\t\tid=\"slider-18-slide-31-layer-3\" \n\t\t\t\t\t\t\t\tdata-type=\"text\"\n\t\t\t\t\t\t\t\tdata-tsh=\"c:#000000;h:2px;v:2px;b:2px;\"\n\t\t\t\t\t\t\t\tdata-rsp_ch=\"on\"\n\t\t\t\t\t\t\t\tdata-xy=\"xo:80px,80px,80px,25px;y:m;yo:-65px,-65px,-65px,24px;\"\n\t\t\t\t\t\t\t\tdata-text=\"w:normal;s:28,28,28,26;l:42,42,42,39;fw:700;\"\n\t\t\t\t\t\t\t\tdata-dim=\"w:651px,651px,651px,322px;\"\n\t\t\t\t\t\t\t\tdata-frame_0=\"x:-100%;\"\n\t\t\t\t\t\t\t\tdata-frame_0_mask=\"u:t;\"\n\t\t\t\t\t\t\t\tdata-frame_1=\"st:300;sp:1000;\"\n\t\t\t\t\t\t\t\tdata-frame_1_mask=\"u:t;\"\n\t\t\t\t\t\t\t\tdata-frame_999=\"o:0;st:w;\"\n\t\t\t\t\t\t\t\tstyle=\"z-index:8;font-family:'Comfortaa';\"\n\t\t\t\t\t\t\t>Grawitacja Rzesz\u00f3w \n\t\t\t\t\t\t\t<\/rs-layer><!--\n\n\t\t\t\t\t\t\t--><rs-layer\n\t\t\t\t\t\t\t\tid=\"slider-18-slide-31-layer-8\" \n\t\t\t\t\t\t\t\tdata-type=\"image\"\n\t\t\t\t\t\t\t\tdata-rsp_ch=\"on\"\n\t\t\t\t\t\t\t\tdata-xy=\"xo:50px,50px,50px,14px;yo:50px,50px,50px,16px;\"\n\t\t\t\t\t\t\t\tdata-text=\"w:normal;s:20,20,20,4;l:0,0,0,6;\"\n\t\t\t\t\t\t\t\tdata-dim=\"w:249px,249px,249px,248px;h:166px,166px,166px,165px;\"\n\t\t\t\t\t\t\t\tdata-frame_1=\"e:SFXBounceStrong;st:600;sp:1000;\"\n\t\t\t\t\t\t\t\tdata-frame_999=\"o:0;st:w;\"\n\t\t\t\t\t\t\t\tstyle=\"z-index:11;\"\n\t\t\t\t\t\t\t><img decoding=\"async\" src=\"\/\/grawitacjapark.pl\/wp-content\/plugins\/revslider\/public\/assets\/assets\/dummy.png\" alt=\"\" class=\"tp-rs-img rs-lazyload\" width=\"240\" height=\"160\" data-lazyload=\"\/\/grawitacjapark.pl\/wp-content\/uploads\/2019\/10\/logo-grawitacja-03.png\" data-no-retina> \n\t\t\t\t\t\t\t<\/rs-layer><!--\n-->\t\t\t\t\t\t<\/rs-slide>\n\t\t\t\t\t<\/rs-slides>\n\t\t\t\t<\/rs-module>\n\t\t\t\t<script>\n\t\t\t\t\tsetREVStartSize({c: 'rev_slider_18_1',rl:[1920,1920,1920,480],el:[450,450,450,720],gw:[1920,1920,1920,480],gh:[450,450,450,720],type:'standard',justify:'',layout:'fullscreen',offsetContainer:'',offset:'20%',mh:\"0\"});if (window.RS_MODULES!==undefined && window.RS_MODULES.modules!==undefined && window.RS_MODULES.modules[\"revslider181\"]!==undefined) {window.RS_MODULES.modules[\"revslider181\"].once = false;window.revapi18 = undefined;if (window.RS_MODULES.checkMinimal!==undefined) window.RS_MODULES.checkMinimal()}\n\t\t\t\t<\/script>\n\t\t\t<\/rs-module-wrap>\n\t\t\t<!-- END REVOLUTION SLIDER -->\n[\/vc_column][\/vc_row][\/vc_section][vc_row full_width=&#8221;stretch_row_content&#8221; css=&#8221;.vc_custom_1578392420232{padding-right: 5% !important;padding-left: 5% !important;}&#8221;][vc_column][vc_raw_html]JTNDcCUyMGNsYXNzJTNEJTIyb2tydWNoeSUyMiUzRSUyMCUzQ2ElMjBocmVmJTNEJTIyJTJGc3RhcnQlMkYlMjIlM0VTdGFydCUzQyUyRmElM0UlMjAlMjAlMjAlMjAlMjZuYnNwJTNCJTIwJTNFJTIwJTI2bmJzcCUzQiUyMCUyMCUyMCUyMCUzQ2ElMjBocmVmJTNEJTIyJTJGcnplc3pvdyUyRiUyMiUzRVJ6ZXN6JUMzJUIzdyUzQyUyRmElM0UlMjAlMjAlMjAlMjAlMjZuYnNwJTNCJTIwJTNFJTIwJTI2bmJzcCUzQiUyMCUyMCUyMCUzQ2ElMjBocmVmJTNEJTIyJTJGcnplc3pvdyUyRiUyMiUzRUtpbSUyMEplc3RlJUM1JTlCbXklM0YlM0MlMkZhJTNFJTIwJTNDJTJGcCUzRQ==[\/vc_raw_html][\/vc_column][\/vc_row][vc_section][vc_row][vc_column width=&#8221;1\/4&#8243;][vc_single_image image=&#8221;751&#8243; img_size=&#8221;400&#215;300&#8243; css_animation=&#8221;none&#8221;][\/vc_column][vc_column width=&#8221;3\/4&#8243;][vc_raw_html]JTNDaDQlMjBzdHlsZSUzRCUyMmZvbnQtc2l6ZSUzQSUyMDIwcHglM0IlMjBjb2xvciUzQSUyMCUyM2ZmZiUzQiUyMiUzRSUwQSUzQ3AlMjBzdHlsZSUzRCUyMnRleHQtYWxpZ24lM0ElMjBqdXN0aWZ5JTNCJTIyJTNFQmF6dWolQzQlODVjJTIwbmElMjB3JUM1JTgyYXNueW0lMkMlMjB3aWVsb2xldG5pbSUyMGRvJUM1JTlCd2lhZGN6ZW5pdSUyMHN0d29yenlsaSVDNSU5Qm15JTIwbWVnYSUyMHJvenJ5d2tvd3klMjBSYWouJTIwTmFzaSUyMGx1ZHppZSUyMHRvJTIwd2V0ZXJhbmklMjB3JTIwcG93aWV0cnpueWNoJTIwYWtyb2JhY2phY2glMkMlMjBmYW5hdHljeSUyMGFkcmVuYWxpbnklMjBieWxpJTIwYWtyb2JhY2klMjBTdGFsaSUyMFJ6ZXN6JUMzJUIzdyUyQyUyMGluc3RydWt0b3J6eSUyMFBhcmslQzMlQjN3JTIwTGlub3d5Y2glMjBhbGUlMjBwb25hZCUyMHdzenlzdGtvJTIwZGJhaiVDNCU4NWN5JTIwbyUyMGJlenBpZWN6ZSVDNSU4NHN0d28lMjBzd29pY2glMjB3JUM1JTgyYXNueWNoJTIwcG9jaWVjaCUyQyUyMGR6aSVDNCU5OWtpJTIwdGVtdSUyMHdpZW15JTIwY28lMjBwb3RyemVibmUlMjBUb2JpZSUyMGklMjBUd29pbSUyMEJsaXNraW0lMjBhYnklMjAlQzUlOUJ3aWV0bmllJTIwYSUyMHByemVkZSUyMHdzenlzdGtpbSUyMGJlenBpZWN6bmllJTIwc2klQzQlOTklMjBiYXdpJUM0JTg3JTIwaSUyMHpidWRvd2ElQzQlODclMjBwb3p5dHl3bmUlMjByZWxhY2plJTIwaSUyMCVDNSU5QndpZXRuZSUyMHdzcG9tbmllbmlhLiUzQyUyRnAlM0UlMEElM0MlMkZoNCUzRQ==[\/vc_raw_html][\/vc_column][\/vc_row][vc_row][vc_column][vc_empty_space height=&#8221;40px&#8221;][vc_column_text]<!--\n\n\n<h2>Nasi trenerzy:<\/h2>\n\n\n-->[\/vc_column_text][\/vc_column][\/vc_row][\/vc_section][vc_section el_class=&#8221;h4-fff&#8221;][vc_row css=&#8221;.vc_custom_1578644668979{padding-right: 5% !important;padding-left: 5% !important;}&#8221;][vc_column][\/vc_column][\/vc_row][\/vc_section][vc_section el_class=&#8221;h4-fff&#8221;][vc_row css=&#8221;.vc_custom_1578644668979{padding-right: 5% !important;padding-left: 5% !important;}&#8221;][vc_column][vc_empty_space height=&#8221;40px&#8221;][\/vc_column][\/vc_row][\/vc_section][vc_section][vc_row full_width=&#8221;stretch_row_content&#8221; css=&#8221;.vc_custom_1578392485155{padding-right: 5% !important;padding-left: 5% !important;}&#8221;][vc_column width=&#8221;1\/4&#8243;][\/vc_column][vc_column width=&#8221;1\/2&#8243;][\/vc_column][vc_column width=&#8221;1\/4&#8243;][\/vc_column][\/vc_row][vc_row full_width=&#8221;stretch_row_content&#8221; css=&#8221;.vc_custom_1578392485155{padding-right: 5% !important;padding-left: 5% !important;}&#8221;][vc_column width=&#8221;1\/6&#8243;][\/vc_column][vc_column width=&#8221;2\/3&#8243;][\/vc_column][vc_column width=&#8221;1\/6&#8243;][\/vc_column][\/vc_row][\/vc_section][vc_row full_width=&#8221;stretch_row_content&#8221;][vc_column][vc_column_text css=&#8221;.vc_custom_1576609746938{margin-bottom: 15px !important;padding-right: 3% !important;padding-left: 3% !important;}&#8221;]<\/p>\n<h3>Bilety<\/h3>\n<p>[\/vc_column_text][\/vc_column][\/vc_row][vc_row full_width=&#8221;stretch_row_content&#8221; el_id=&#8221;karuzela1&#8243;][vc_column][vc_raw_html css=&#8221;.vc_custom_1576571749156{margin-bottom: 44px !important;}&#8221;]JTVCb2ZlcnRhX2dyaWRfcmZ4JTIwa2F0ZWdvcmlhX2lkJTNEJTIyNCUyMiU1RA==[\/vc_raw_html][vc_raw_html el_class=&#8221;zoba&#8221;]JTNDYSUyMGhyZWYlM0QlMjIlMkZyemVzem93JTJGYmlsZXR5JTIyJTNFJTNDc3BhbiUyMHN0eWxlJTNEJTIyY29sb3IlM0ElMjAlMjNmZmYlM0IlMjIlM0V6b2JhY3olMjB3c3p5c3RraWUlM0MlMkZzcGFuJTNFJTIwJTI2Z3QlM0IlM0MlMkZhJTNF[\/vc_raw_html][\/vc_column][\/vc_row][vc_row full_width=&#8221;stretch_row_content&#8221;][vc_column][vc_column_text css=&#8221;.vc_custom_1575972661087{margin-bottom: 15px !important;padding-right: 3% !important;padding-left: 3% !important;}&#8221;]<\/p>\n<h3>Imprezy<\/h3>\n<p>[\/vc_column_text][\/vc_column][\/vc_row][vc_row full_width=&#8221;stretch_row_content&#8221; el_id=&#8221;karuzela2&#8243;][vc_column][vc_raw_html css=&#8221;.vc_custom_1576571754922{margin-bottom: 44px !important;}&#8221;]JTVCb2ZlcnRhX2dyaWRfcmZ4JTIwa2F0ZWdvcmlhX2lkJTNEJTIyNSUyMiU1RA==[\/vc_raw_html][vc_raw_html el_class=&#8221;zoba&#8221;]JTNDYSUyMGhyZWYlM0QlMjIlMkZyemVzem93JTJGaW1wcmV6eSUyRiUyMiUzRSUzQ3NwYW4lMjBzdHlsZSUzRCUyMmNvbG9yJTNBJTIwJTIzZmZmJTNCJTIyJTNFem9iYWN6JTIwd3N6eXN0a2llJTNDJTJGc3BhbiUzRSUyMCUyNmd0JTNCJTNDJTJGYSUzRQ==[\/vc_raw_html][\/vc_column][\/vc_row][vc_row full_width=&#8221;stretch_row_content&#8221;][vc_column][vc_column_text css=&#8221;.vc_custom_1576567767884{margin-bottom: 15px !important;padding-right: 3% !important;padding-left: 3% !important;}&#8221;]<\/p>\n<h3>Promocje<\/h3>\n<p>[\/vc_column_text][\/vc_column][\/vc_row][vc_row full_width=&#8221;stretch_row_content&#8221; el_id=&#8221;karuzela3&#8243;][vc_column][vc_raw_html css=&#8221;.vc_custom_1576571761181{margin-bottom: 44px !important;}&#8221;]JTVCb2ZlcnRhX2dyaWRfcmZ4JTIwa2F0ZWdvcmlhX2lkJTNEJTIyNiUyMiU1RA==[\/vc_raw_html][vc_raw_html el_class=&#8221;zoba&#8221;]JTNDYSUyMGhyZWYlM0QlMjIlMkZyemVzem93JTJGcHJvbW9jamUlMkYlMjIlM0UlM0NzcGFuJTIwc3R5bGUlM0QlMjJjb2xvciUzQSUyMCUyM2ZmZiUzQiUyMiUzRXpvYmFjeiUyMHdzenlzdGtpZSUzQyUyRnNwYW4lM0UlMjAlMjZndCUzQiUzQyUyRmElM0U=[\/vc_raw_html][\/vc_column][\/vc_row][vc_row full_width=&#8221;stretch_row_content&#8221;][vc_column][vc_column_text css=&#8221;.vc_custom_1576567834804{margin-bottom: 15px !important;padding-right: 3% !important;padding-left: 3% !important;}&#8221;]<\/p>\n<h3>Zaj\u0119cia<\/h3>\n<p>[\/vc_column_text][\/vc_column][\/vc_row][vc_row full_width=&#8221;stretch_row_content&#8221; el_id=&#8221;karuzela4&#8243;][vc_column][vc_raw_html css=&#8221;.vc_custom_1576571767323{margin-bottom: 44px !important;}&#8221;]JTVCb2ZlcnRhX2dyaWRfcmZ4JTIwa2F0ZWdvcmlhX2lkJTNEJTIyMTAlMjIlNUQ=[\/vc_raw_html][vc_raw_html el_class=&#8221;zoba&#8221;]JTNDYSUyMGhyZWYlM0QlMjIlMkZyemVzem93JTJGemFqZWNpYSUyRiUyMiUzRSUzQ3NwYW4lMjBzdHlsZSUzRCUyMmNvbG9yJTNBJTIwJTIzZmZmJTNCJTIyJTNFem9iYWN6JTIwd3N6eXN0a2llJTNDJTJGc3BhbiUzRSUyMCUyNmd0JTNCJTNDJTJGYSUzRQ==[\/vc_raw_html][\/vc_column][\/vc_row][vc_row][vc_column][vc_empty_space height=&#8221;50px&#8221;][\/vc_column][\/vc_row][vc_row][vc_column][vc_empty_space height=&#8221;30px&#8221;][\/vc_column][\/vc_row]<\/p>\n","protected":false},"excerpt":{"rendered":"<p>[vc_section][vc_row full_width=&#8221;stretch_row_content&#8221; full_height=&#8221;yes&#8221; css=&#8221;.vc_custom_1594037737127{padding-right: 5% !important;padding-left: 5% !important;}&#8221; el_class=&#8221;zamiast-slider top-oferta&#8221;][vc_column el_class=&#8221;top-miasta&#8221;][\/vc_column][\/vc_row][\/vc_section][vc_row full_width=&#8221;stretch_row_content&#8221; css=&#8221;.vc_custom_1578392420232{padding-right: 5% !important;padding-left: 5% !important;}&#8221;][vc_column][vc_raw_html]JTNDcCUyMGNsYXNzJTNEJTIyb2tydWNoeSUyMiUzRSUyMCUzQ2ElMjBocmVmJTNEJTIyJTJGc3RhcnQlMkYlMjIlM0VTdGFydCUzQyUyRmElM0UlMjAlMjAlMjAlMjAlMjZuYnNwJTNCJTIwJTNFJTIwJTI2bmJzcCUzQiUyMCUyMCUyMCUyMCUzQ2ElMjBocmVmJTNEJTIyJTJGcnplc3pvdyUyRiUyMiUzRVJ6ZXN6JUMzJUIzdyUzQyUyRmElM0UlMjAlMjAlMjAlMjAlMjZuYnNwJTNCJTIwJTNFJTIwJTI2bmJzcCUzQiUyMCUyMCUyMCUzQ2ElMjBocmVmJTNEJTIyJTJGcnplc3pvdyUyRiUyMiUzRUtpbSUyMEplc3RlJUM1JTlCbXklM0YlM0MlMkZhJTNFJTIwJTNDJTJGcCUzRQ==[\/vc_raw_html][\/vc_column][\/vc_row][vc_section][vc_row][vc_column width=&#8221;1\/4&#8243;][vc_single_image image=&#8221;751&#8243; img_size=&#8221;400&#215;300&#8243; css_animation=&#8221;none&#8221;][\/vc_column][vc_column width=&#8221;3\/4&#8243;][vc_raw_html]JTNDaDQlMjBzdHlsZSUzRCUyMmZvbnQtc2l6ZSUzQSUyMDIwcHglM0IlMjBjb2xvciUzQSUyMCUyM2ZmZiUzQiUyMiUzRSUwQSUzQ3AlMjBzdHlsZSUzRCUyMnRleHQtYWxpZ24lM0ElMjBqdXN0aWZ5JTNCJTIyJTNFQmF6dWolQzQlODVjJTIwbmElMjB3JUM1JTgyYXNueW0lMkMlMjB3aWVsb2xldG5pbSUyMGRvJUM1JTlCd2lhZGN6ZW5pdSUyMHN0d29yenlsaSVDNSU5Qm15JTIwbWVnYSUyMHJvenJ5d2tvd3klMjBSYWouJTIwTmFzaSUyMGx1ZHppZSUyMHRvJTIwd2V0ZXJhbmklMjB3JTIwcG93aWV0cnpueWNoJTIwYWtyb2JhY2phY2glMkMlMjBmYW5hdHljeSUyMGFkcmVuYWxpbnklMjBieWxpJTIwYWtyb2JhY2klMjBTdGFsaSUyMFJ6ZXN6JUMzJUIzdyUyQyUyMGluc3RydWt0b3J6eSUyMFBhcmslQzMlQjN3JTIwTGlub3d5Y2glMjBhbGUlMjBwb25hZCUyMHdzenlzdGtvJTIwZGJhaiVDNCU4NWN5JTIwbyUyMGJlenBpZWN6ZSVDNSU4NHN0d28lMjBzd29pY2glMjB3JUM1JTgyYXNueWNoJTIwcG9jaWVjaCUyQyUyMGR6aSVDNCU5OWtpJTIwdGVtdSUyMHdpZW15JTIwY28lMjBwb3RyemVibmUlMjBUb2JpZSUyMGklMjBUd29pbSUyMEJsaXNraW0lMjBhYnklMjAlQzUlOUJ3aWV0bmllJTIwYSUyMHByemVkZSUyMHdzenlzdGtpbSUyMGJlenBpZWN6bmllJTIwc2klQzQlOTklMjBiYXdpJUM0JTg3JTIwaSUyMHpidWRvd2ElQzQlODclMjBwb3p5dHl3bmUlMjByZWxhY2plJTIwaSUyMCVDNSU5QndpZXRuZSUyMHdzcG9tbmllbmlhLiUzQyUyRnAlM0UlMEElM0MlMkZoNCUzRQ==[\/vc_raw_html][\/vc_column][\/vc_row][vc_row][vc_column][vc_empty_space height=&#8221;40px&#8221;][vc_column_text][\/vc_column_text][\/vc_column][\/vc_row][\/vc_section][vc_section el_class=&#8221;h4-fff&#8221;][vc_row css=&#8221;.vc_custom_1578644668979{padding-right: 5% !important;padding-left: 5% !important;}&#8221;][vc_column][\/vc_column][\/vc_row][\/vc_section][vc_section el_class=&#8221;h4-fff&#8221;][vc_row css=&#8221;.vc_custom_1578644668979{padding-right: 5% !important;padding-left: 5% !important;}&#8221;][vc_column][vc_empty_space height=&#8221;40px&#8221;][\/vc_column][\/vc_row][\/vc_section][vc_section][vc_row full_width=&#8221;stretch_row_content&#8221; css=&#8221;.vc_custom_1578392485155{padding-right: 5% !important;padding-left:&hellip;<\/p>\n","protected":false},"author":2,"featured_media":0,"parent":0,"menu_order":0,"comment_status":"closed","ping_status":"closed","template":"","meta":{"footnotes":""},"acf":[],"_links":{"self":[{"href":"https:\/\/grawitacjapark.pl\/index.php?rest_route=\/wp\/v2\/pages\/744"}],"collection":[{"href":"https:\/\/grawitacjapark.pl\/index.php?rest_route=\/wp\/v2\/pages"}],"about":[{"href":"https:\/\/grawitacjapark.pl\/index.php?rest_route=\/wp\/v2\/types\/page"}],"author":[{"embeddable":true,"href":"https:\/\/grawitacjapark.pl\/index.php?rest_route=\/wp\/v2\/users\/2"}],"replies":[{"embeddable":true,"href":"https:\/\/grawitacjapark.pl\/index.php?rest_route=%2Fwp%2Fv2%2Fcomments&post=744"}],"version-history":[{"count":62,"href":"https:\/\/grawitacjapark.pl\/index.php?rest_route=\/wp\/v2\/pages\/744\/revisions"}],"predecessor-version":[{"id":2850,"href":"https:\/\/grawitacjapark.pl\/index.php?rest_route=\/wp\/v2\/pages\/744\/revisions\/2850"}],"wp:attachment":[{"href":"https:\/\/grawitacjapark.pl\/index.php?rest_route=%2Fwp%2Fv2%2Fmedia&parent=744"}],"curies":[{"name":"wp","href":"https:\/\/api.w.org\/{rel}","templated":true}]}}